{"id":10256,"date":"2026-04-29T15:17:01","date_gmt":"2026-04-29T12:17:01","guid":{"rendered":"https:\/\/www.sintana.ro\/?post_type=lsvr_event&#038;p=10256"},"modified":"2026-04-29T15:20:27","modified_gmt":"2026-04-29T12:20:27","slug":"simfonia-florilor","status":"publish","type":"lsvr_event","link":"https:\/\/www.sintana.ro\/hu\/evenimente\/simfonia-florilor\/","title":{"rendered":"Simfonia florilor"},"content":{"rendered":"<p>\ud83c\uddf7\ud83c\uddf4 <strong>A 24-a edi\u021bie a Expozi\u021biei \u0219i T\u00e2rgului de Flori<\/strong><\/p>\n<p>Dou\u0103 zile pline de culoare, parfum \u0219i tradi\u021bie!<br \/>\nV\u0103 a\u0219tept\u0103m cu drag la Udvarfalva, la cea de-a 24-a edi\u021bie a Expozi\u021biei \u0219i T\u00e2rgului de Flori, unde frumuse\u021bea florilor se \u00eembin\u0103 cu programe culturale, activit\u0103\u021bi pentru copii \u0219i atmosfera autentic\u0103 de t\u00e2rg. \ud83c\udf38\ud83c\udfb6<\/p>\n<p>\ud83d\udccd Loca\u021bie: comuna S\u00e2ntana de Mure\u0219, Curteni, teren de fotbal<br \/>\n\ud83d\udcc5 Data: 09\u201310.05.2026<\/p>\n<p><strong>S\u00e2mb\u0103t\u0103<\/strong><br \/>\n10:00 \u2013 Deschiderea por\u021bilor, \u00eenceputul t\u00e2rgului<br \/>\n12:00 \u2013 Programe permanente pentru copii<br \/>\n17:00 \u2013 Deschiderea festiv\u0103<br \/>\n17:30 \u2013 20:00 \u2013 Programe culturale pe scen\u0103 cu ansambluri folclorice locale \u0219i interna\u021bionale<\/p>\n<p><strong>Duminic\u0103<\/strong><br \/>\n10:00 \u2013 Deschiderea por\u021bilor, \u00eenceputul t\u00e2rgului<br \/>\n12:00 \u2013 Programe permanente pentru copii<br \/>\n15:00 \u2013 Discursuri festive<br \/>\n15:30 \u2013 20:30 \u2013 Programe culturale<\/p>\n<hr \/>\n<p>\ud83c\udded\ud83c\uddfa <strong>24. Vir\u00e1gki\u00e1ll\u00edt\u00e1s- \u00e9s v\u00e1s\u00e1r Udvarfalv\u00e1n<\/strong><\/p>\n<p>\ud83c\udf38 K\u00e9t nap, ahol a sz\u00ednek, illatok \u00e9s hagyom\u00e1nyok tal\u00e1lkoznak!<br \/>\nSzeretettel v\u00e1runk mindenkit Udvarfalv\u00e1ra a 24. Vir\u00e1gki\u00e1ll\u00edt\u00e1s- \u00e9s v\u00e1s\u00e1rra, ahol a vir\u00e1gok sz\u00e9ps\u00e9ge mellett gazdag kultur\u00e1lis programok, gyermekfoglalkoz\u00e1sok \u00e9s v\u00e1s\u00e1ri hangulat teszi teljess\u00e9 az \u00e9lm\u00e9nyt.<\/p>\n<p>\ud83d\udccd Helysz\u00edn: Marosszentanna k\u00f6zs\u00e9g, Udvarfalvi sportp\u00e1lya<br \/>\n\ud83d\udcc5 Id\u0151pont: 2026.05.09\u201310.<\/p>\n<p><strong>Szombat<\/strong><br \/>\n10:00 &#8211; Kapunyit\u00e1s, a v\u00e1s\u00e1rok kezdete<br \/>\n12:00 &#8211; \u00c1lland\u00f3 gyerekprogramok<br \/>\n17:00 &#8211; \u00dcnnep\u00e9lyes megnyit\u00f3<br \/>\n17:30 &#8211; 20:00 Kultur\u00e1lis programok a sz\u00ednpadon helyi \u00e9s nemzetk\u00f6zi hagyom\u00e1ny\u0151rz\u0151 n\u00e9pt\u00e1nccsoportok fell\u00e9p\u00e9sek<\/p>\n<p><strong>Vas\u00e1rnap<\/strong><br \/>\n10:00 &#8211; Kapunyit\u00e1s, a v\u00e1s\u00e1rok kezdete<br \/>\n12:00 \u00c1lland\u00f3 gyerekprogramok<br \/>\n15:00 \u00dcnnepi besz\u00e9dek<br \/>\n15:30 &#8211; 21:00 Kultur\u00e1lis programok<\/p>\n","protected":false},"excerpt":{"rendered":"<p>\ud83c\uddf7\ud83c\uddf4 A 24-a edi\u021bie a Expozi\u021biei \u0219i T\u00e2rgului de Flori Dou\u0103 zile pline de culoare, parfum \u0219i tradi\u021bie! V\u0103 a\u0219tept\u0103m cu drag la Udvarfalva, la cea de-a 24-a edi\u021bie a Expozi\u021biei \u0219i T\u00e2rgului de Flori, unde frumuse\u021bea florilor se \u00eembin\u0103 cu programe culturale, activit\u0103\u021bi pentru copii \u0219i atmosfera autentic\u0103 de t\u00e2rg. \ud83c\udf38\ud83c\udfb6 \ud83d\udccd Loca\u021bie: comuna [&hellip;]<\/p>\n","protected":false},"author":1,"featured_media":10258,"template":"","meta":{"footnotes":""},"lsvr_event_cat":[375],"lsvr_event_tag":[],"class_list":["post-10256","lsvr_event","type-lsvr_event","status-publish","has-post-thumbnail","hentry","lsvr_event_location-sat-curteni-teren-fotbal","lsvr_event_cat-evenimente"],"translation":{"provider":"WPGlobus","version":"3.0.2","language":"hu","enabled_languages":["ro","hu"],"languages":{"ro":{"title":true,"content":true,"excerpt":false},"hu":{"title":false,"content":false,"excerpt":false}}},"_links":{"self":[{"href":"https:\/\/www.sintana.ro\/hu\/wp-json\/wp\/v2\/lsvr_event\/10256","targetHints":{"allow":["GET"]}}],"collection":[{"href":"https:\/\/www.sintana.ro\/hu\/wp-json\/wp\/v2\/lsvr_event"}],"about":[{"href":"https:\/\/www.sintana.ro\/hu\/wp-json\/wp\/v2\/types\/lsvr_event"}],"author":[{"embeddable":true,"href":"https:\/\/www.sintana.ro\/hu\/wp-json\/wp\/v2\/users\/1"}],"version-history":[{"count":4,"href":"https:\/\/www.sintana.ro\/hu\/wp-json\/wp\/v2\/lsvr_event\/10256\/revisions"}],"predecessor-version":[{"id":10263,"href":"https:\/\/www.sintana.ro\/hu\/wp-json\/wp\/v2\/lsvr_event\/10256\/revisions\/10263"}],"wp:featuredmedia":[{"embeddable":true,"href":"https:\/\/www.sintana.ro\/hu\/wp-json\/wp\/v2\/media\/10258"}],"wp:attachment":[{"href":"https:\/\/www.sintana.ro\/hu\/wp-json\/wp\/v2\/media?parent=10256"}],"wp:term":[{"taxonomy":"lsvr_event_cat","embeddable":true,"href":"https:\/\/www.sintana.ro\/hu\/wp-json\/wp\/v2\/lsvr_event_cat?post=10256"},{"taxonomy":"lsvr_event_tag","embeddable":true,"href":"https:\/\/www.sintana.ro\/hu\/wp-json\/wp\/v2\/lsvr_event_tag?post=10256"}],"curies":[{"name":"wp","href":"https:\/\/api.w.org\/{rel}","templated":true}]}}

<p>🇷🇴 <strong>A 24-a ediție a Expoziției și Târgului de Flori</strong></p>
<p>Două zile pline de culoare, parfum și tradiție!<br />
Vă așteptăm cu drag la Udvarfalva, la cea de-a 24-a ediție a Expoziției și Târgului de Flori, unde frumusețea florilor se îmbină cu programe culturale, activități pentru copii și atmosfera autentică de târg. 🌸🎶</p>
<p>📍 Locație: comuna Sântana de Mureș, Curteni, teren de fotbal<br />
📅 Data: 09–10.05.2026</p>
<p><strong>Sâmbătă</strong><br />
10:00 – Deschiderea porților, începutul târgului<br />
12:00 – Programe permanente pentru copii<br />
17:00 – Deschiderea festivă<br />
17:30 – 20:00 – Programe culturale pe scenă cu ansambluri folclorice locale și internaționale</p>
<p><strong>Duminică</strong><br />
10:00 – Deschiderea porților, începutul târgului<br />
12:00 – Programe permanente pentru copii<br />
15:00 – Discursuri festive<br />
15:30 – 20:30 – Programe culturale</p>
<hr />
<p>🇭🇺 <strong>24. Virágkiállítás- és vásár Udvarfalván</strong></p>
<p>🌸 Két nap, ahol a színek, illatok és hagyományok találkoznak!<br />
Szeretettel várunk mindenkit Udvarfalvára a 24. Virágkiállítás- és vásárra, ahol a virágok szépsége mellett gazdag kulturális programok, gyermekfoglalkozások és vásári hangulat teszi teljessé az élményt.</p>
<p>📍 Helyszín: Marosszentanna község, Udvarfalvi sportpálya<br />
📅 Időpont: 2026.05.09–10.</p>
<p><strong>Szombat</strong><br />
10:00 &#8211; Kapunyitás, a vásárok kezdete<br />
12:00 &#8211; Állandó gyerekprogramok<br />
17:00 &#8211; Ünnepélyes megnyitó<br />
17:30 &#8211; 20:00 Kulturális programok a színpadon helyi és nemzetközi hagyományőrző néptánccsoportok fellépések</p>
<p><strong>Vasárnap</strong><br />
10:00 &#8211; Kapunyitás, a vásárok kezdete<br />
12:00 Állandó gyerekprogramok<br />
15:00 Ünnepi beszédek<br />
15:30 &#8211; 21:00 Kulturális programok</p>

<p>🇷🇴 A 24-a ediție a Expoziției și Târgului de Flori Două zile pline de culoare, parfum și tradiție! Vă așteptăm cu drag la Udvarfalva, la cea de-a 24-a ediție a Expoziției și Târgului de Flori, unde frumusețea florilor se îmbină cu programe culturale, activități pentru copii și atmosfera autentică de târg. 🌸🎶 📍 Locație: comuna [&hellip;]</p>
